{"id":2735,"date":"2017-03-29T19:03:12","date_gmt":"2017-03-29T18:03:12","guid":{"rendered":"https:\/\/firagran.com\/dependencia\/ajudes-tecniques\/"},"modified":"2017-04-26T17:18:52","modified_gmt":"2017-04-26T16:18:52","slug":"ayudas-tecnicas","status":"publish","type":"page","link":"https:\/\/firagran.com\/es\/dependencia\/ayudas-tecnicas\/","title":{"rendered":"Ayudas t\u00e9cnicas"},"content":{"rendered":"<p><div class=\"fusion-fullwidth fullwidth-box fusion-builder-row-1 nonhundred-percent-fullwidth non-hundred-percent-height-scrolling\" style=\"--awb-border-radius-top-left:0px;--awb-border-radius-top-right:0px;--awb-border-radius-bottom-right:0px;--awb-border-radius-bottom-left:0px;--awb-flex-wrap:wrap;\" ><div class=\"fusion-builder-row fusion-row\"><div class=\"fusion-layout-column fusion_builder_column fusion-builder-column-0 fusion_builder_column_1_1 1_1 fusion-one-full fusion-column-first fusion-column-last\" style=\"--awb-bg-size:cover;\"><div class=\"fusion-column-wrapper fusion-flex-column-wrapper-legacy\"><div class=\"fusion-text fusion-text-1\"><p>Las\u00a0<strong>ayudas t\u00e9cnicas<\/strong>\u00a0incluyen aquellos productos y tecnolog\u00edas que representan una ayuda en las personas mayores con alguna limitaci\u00f3n f\u00edsica.<\/p>\n<p><strong>Las ayudas t\u00e9cnicas de uso m\u00e1s general son:<\/strong><\/p>\n<\/div><div class=\"fusion-clearfix\"><\/div><\/div><\/div><\/div><\/div><div class=\"fusion-fullwidth fullwidth-box fusion-builder-row-2 nonhundred-percent-fullwidth non-hundred-percent-height-scrolling titulos_interiores\" style=\"--awb-border-radius-top-left:0px;--awb-border-radius-top-right:0px;--awb-border-radius-bottom-right:0px;--awb-border-radius-bottom-left:0px;--awb-flex-wrap:wrap;\" ><div class=\"fusion-builder-row fusion-row\"><div class=\"fusion-layout-column fusion_builder_column fusion-builder-column-1 fusion_builder_column_1_1 1_1 fusion-one-full fusion-column-first fusion-column-last\" style=\"--awb-bg-size:cover;\"><div class=\"fusion-column-wrapper fusion-flex-column-wrapper-legacy\"><div class=\"fusion-text fusion-text-2\"><h4><strong>Ayudas t\u00e9cnicas que facilitan la movilidad<\/strong><\/h4>\n<\/div><div class=\"fusion-clearfix\"><\/div><\/div><\/div><\/div><\/div><div class=\"fusion-fullwidth fullwidth-box fusion-builder-row-3 nonhundred-percent-fullwidth non-hundred-percent-height-scrolling\" style=\"--awb-border-radius-top-left:0px;--awb-border-radius-top-right:0px;--awb-border-radius-bottom-right:0px;--awb-border-radius-bottom-left:0px;--awb-flex-wrap:wrap;\" ><div class=\"fusion-builder-row fusion-row\"><div class=\"fusion-layout-column fusion_builder_column fusion-builder-column-2 fusion_builder_column_1_2 1_2 fusion-one-half fusion-column-first\" style=\"--awb-bg-size:cover;width:50%;width:calc(50% - ( ( 4% ) * 0.5 ) );margin-right: 4%;\"><div class=\"fusion-column-wrapper fusion-flex-column-wrapper-legacy\"><div class=\"fusion-image-element in-legacy-container\" style=\"--awb-caption-title-font-family:var(--h2_typography-font-family);--awb-caption-title-font-weight:var(--h2_typography-font-weight);--awb-caption-title-font-style:var(--h2_typography-font-style);--awb-caption-title-size:var(--h2_typography-font-size);--awb-caption-title-transform:var(--h2_typography-text-transform);--awb-caption-title-line-height:var(--h2_typography-line-height);--awb-caption-title-letter-spacing:var(--h2_typography-letter-spacing);\"><span class=\" fusion-imageframe imageframe-none imageframe-1 hover-type-none\"><img decoding=\"async\" width=\"300\" height=\"200\" title=\"calzado\" src=\"https:\/\/firagran.com\/wp-content\/uploads\/calzado-300x200.jpg\" alt class=\"img-responsive wp-image-1985\" srcset=\"https:\/\/firagran.com\/wp-content\/uploads\/calzado-200x133.jpg 200w, https:\/\/firagran.com\/wp-content\/uploads\/calzado-400x267.jpg 400w, https:\/\/firagran.com\/wp-content\/uploads\/calzado-600x400.jpg 600w, https:\/\/firagran.com\/wp-content\/uploads\/calzado.jpg 696w\" sizes=\"(max-width: 1080px) 100vw, 600px\" \/><\/span><\/div><div class=\"fusion-text fusion-text-3\"><h5><strong>Calzado adecuado<\/strong><\/h5>\n<p>Con la edad los pies se vuelven mucho m\u00e1s sensibles debido a la reducci\u00f3n de la capa grasa que cubre la planta. Por este motivo muchos especialistas recomiendan la utilizaci\u00f3n de calzados con una suela gruesa y flexible y con un sistema de cierre adaptado a las capacidades f\u00edsicas de cada persona.<\/p>\n<\/div><div class=\"fusion-clearfix\"><\/div><\/div><\/div><div class=\"fusion-layout-column fusion_builder_column fusion-builder-column-3 fusion_builder_column_1_2 1_2 fusion-one-half fusion-column-last\" style=\"--awb-bg-size:cover;width:50%;width:calc(50% - ( ( 4% ) * 0.5 ) );\"><div class=\"fusion-column-wrapper fusion-flex-column-wrapper-legacy\"><div class=\"fusion-image-element in-legacy-container\" style=\"--awb-caption-title-font-family:var(--h2_typography-font-family);--awb-caption-title-font-weight:var(--h2_typography-font-weight);--awb-caption-title-font-style:var(--h2_typography-font-style);--awb-caption-title-size:var(--h2_typography-font-size);--awb-caption-title-transform:var(--h2_typography-text-transform);--awb-caption-title-line-height:var(--h2_typography-line-height);--awb-caption-title-letter-spacing:var(--h2_typography-letter-spacing);\"><span class=\" fusion-imageframe imageframe-none imageframe-2 hover-type-none\"><img decoding=\"async\" width=\"300\" height=\"200\" title=\"cadira_rodas\" src=\"https:\/\/firagran.com\/wp-content\/uploads\/cadira_rodas-300x200.jpg\" alt class=\"img-responsive wp-image-1984\" srcset=\"https:\/\/firagran.com\/wp-content\/uploads\/cadira_rodas-200x133.jpg 200w, https:\/\/firagran.com\/wp-content\/uploads\/cadira_rodas-400x267.jpg 400w, https:\/\/firagran.com\/wp-content\/uploads\/cadira_rodas-600x400.jpg 600w, https:\/\/firagran.com\/wp-content\/uploads\/cadira_rodas.jpg 696w\" sizes=\"(max-width: 1080px) 100vw, 600px\" \/><\/span><\/div><div class=\"fusion-text fusion-text-4\"><h5><strong>Sillas de ruedas<\/strong><\/h5>\n<p>Cuando las distancias a recorrer son muy largas o las piernas no dan m\u00e1s de s\u00ed, la silla de ruedas representa un extra de libertad para el paciente y para la familia. Podemos encontrar una gran variedad de sillas de ruedas y una amplia gama de precios seg\u00fan las necesidades.<\/p>\n<\/div><div class=\"fusion-clearfix\"><\/div><\/div><\/div><\/div><\/div><div class=\"fusion-fullwidth fullwidth-box fusion-builder-row-4 nonhundred-percent-fullwidth non-hundred-percent-height-scrolling titulos_interiores\" style=\"--awb-border-radius-top-left:0px;--awb-border-radius-top-right:0px;--awb-border-radius-bottom-right:0px;--awb-border-radius-bottom-left:0px;--awb-flex-wrap:wrap;\" ><div class=\"fusion-builder-row fusion-row\"><div class=\"fusion-layout-column fusion_builder_column fusion-builder-column-4 fusion_builder_column_1_1 1_1 fusion-one-full fusion-column-first fusion-column-last\" style=\"--awb-bg-size:cover;\"><div class=\"fusion-column-wrapper fusion-flex-column-wrapper-legacy\"><div class=\"fusion-text fusion-text-5\"><h4><strong>Ayudas t\u00e9cnicas que facilitan el proceso de higiene y de vestimenta<\/strong><\/h4>\n<\/div><div class=\"fusion-clearfix\"><\/div><\/div><\/div><\/div><\/div><div class=\"fusion-fullwidth fullwidth-box fusion-builder-row-5 nonhundred-percent-fullwidth non-hundred-percent-height-scrolling\" style=\"--awb-border-radius-top-left:0px;--awb-border-radius-top-right:0px;--awb-border-radius-bottom-right:0px;--awb-border-radius-bottom-left:0px;--awb-flex-wrap:wrap;\" ><div class=\"fusion-builder-row fusion-row\"><div class=\"fusion-layout-column fusion_builder_column fusion-builder-column-5 fusion_builder_column_1_2 1_2 fusion-one-half fusion-column-first\" style=\"--awb-bg-size:cover;width:50%;width:calc(50% - ( ( 4% ) * 0.5 ) );margin-right: 4%;\"><div class=\"fusion-column-wrapper fusion-flex-column-wrapper-legacy\"><div class=\"fusion-image-element in-legacy-container\" style=\"--awb-caption-title-font-family:var(--h2_typography-font-family);--awb-caption-title-font-weight:var(--h2_typography-font-weight);--awb-caption-title-font-style:var(--h2_typography-font-style);--awb-caption-title-size:var(--h2_typography-font-size);--awb-caption-title-transform:var(--h2_typography-text-transform);--awb-caption-title-line-height:var(--h2_typography-line-height);--awb-caption-title-letter-spacing:var(--h2_typography-letter-spacing);\"><span class=\" fusion-imageframe imageframe-none imageframe-3 hover-type-none\"><img decoding=\"async\" width=\"300\" height=\"300\" title=\"cadira_bany\" src=\"https:\/\/firagran.com\/wp-content\/uploads\/cadira_bany-300x300.jpg\" alt class=\"img-responsive wp-image-1983\" srcset=\"https:\/\/firagran.com\/wp-content\/uploads\/cadira_bany-200x200.jpg 200w, https:\/\/firagran.com\/wp-content\/uploads\/cadira_bany.jpg 400w\" sizes=\"(max-width: 1080px) 100vw, 300px\" \/><\/span><\/div><div class=\"fusion-text fusion-text-6\"><h5><strong>Silla de ba\u00f1o y de ducha<\/strong><\/h5>\n<p>Es un elemento muy \u00fatil para aquellas personas que no se pueden mover o sufren alguna dependencia parcial ya que permite que puedan ducharse c\u00f3modamente mientras est\u00e1n sentados.<\/p>\n<\/div><div class=\"fusion-clearfix\"><\/div><\/div><\/div><div class=\"fusion-layout-column fusion_builder_column fusion-builder-column-6 fusion_builder_column_1_2 1_2 fusion-one-half fusion-column-last\" style=\"--awb-bg-size:cover;width:50%;width:calc(50% - ( ( 4% ) * 0.5 ) );\"><div class=\"fusion-column-wrapper fusion-flex-column-wrapper-legacy\"><div class=\"fusion-image-element in-legacy-container\" style=\"--awb-caption-title-font-family:var(--h2_typography-font-family);--awb-caption-title-font-weight:var(--h2_typography-font-weight);--awb-caption-title-font-style:var(--h2_typography-font-style);--awb-caption-title-size:var(--h2_typography-font-size);--awb-caption-title-transform:var(--h2_typography-text-transform);--awb-caption-title-line-height:var(--h2_typography-line-height);--awb-caption-title-letter-spacing:var(--h2_typography-letter-spacing);\"><span class=\" fusion-imageframe imageframe-none imageframe-4 hover-type-none\"><img decoding=\"async\" width=\"300\" height=\"200\" title=\"vestit\" src=\"https:\/\/firagran.com\/wp-content\/uploads\/vestit-300x200.jpg\" alt class=\"img-responsive wp-image-1990\" srcset=\"https:\/\/firagran.com\/wp-content\/uploads\/vestit-200x133.jpg 200w, https:\/\/firagran.com\/wp-content\/uploads\/vestit-400x267.jpg 400w, https:\/\/firagran.com\/wp-content\/uploads\/vestit-600x400.jpg 600w, https:\/\/firagran.com\/wp-content\/uploads\/vestit.jpg 696w\" sizes=\"(max-width: 1080px) 100vw, 600px\" \/><\/span><\/div><div class=\"fusion-text fusion-text-7\"><h5><strong>Vestidos<\/strong><\/h5>\n<p>Para mayor comodidad de las personas mayores dependientes y de quienes las cuidan, se recomienda elegir prendas de ropa con aperturas grandes puesto que son m\u00e1s f\u00e1ciles de llevar y tambi\u00e9n de poner.<\/p>\n<\/div><div class=\"fusion-clearfix\"><\/div><\/div><\/div><\/div><\/div><div class=\"fusion-fullwidth fullwidth-box fusion-builder-row-6 nonhundred-percent-fullwidth non-hundred-percent-height-scrolling caja_enlaces\" style=\"--awb-border-radius-top-left:0px;--awb-border-radius-top-right:0px;--awb-border-radius-bottom-right:0px;--awb-border-radius-bottom-left:0px;--awb-flex-wrap:wrap;\" ><div class=\"fusion-builder-row fusion-row\"><div class=\"fusion-layout-column fusion_builder_column fusion-builder-column-7 fusion_builder_column_1_1 1_1 fusion-one-full fusion-column-first fusion-column-last\" style=\"--awb-bg-size:cover;\"><div class=\"fusion-column-wrapper fusion-flex-column-wrapper-legacy\"><div class=\"fusion-text fusion-text-8\"><h5>Enlaces con informaci\u00f3n sobre ayudas para diferentes discapacitados, servicios y prestaciones:<\/h5>\n<\/div><div class=\"fusion-sep-clear\"><\/div><div class=\"fusion-separator fusion-clearfix\" style=\"float:left;width:100%;max-width:20px;\"><\/div><div class=\"fusion-sep-clear\"><\/div><div class=\"fusion-text fusion-text-9\"><ul class=\"td-arrow-list\">\n<li><a href=\"http:\/\/treballiaferssocials.gencat.cat\/ca\/ambits_tematics\/persones_amb_discapacitat\/\" target=\"_blank\" rel=\"noopener noreferrer\">Personas con discapacidad<\/a><\/li>\n<li><a href=\"http:\/\/treballiaferssocials.gencat.cat\/ca\/ambits_tematics\/persones_amb_discapacitat\/accessibilitat_intern\/accessibilitat_i_autonomia\/ajuts_subvencions\/\" target=\"_blank\" rel=\"noopener noreferrer\">Ayudas y subvenciones<\/a><\/li>\n<li><a href=\"http:\/\/www.ecom.cat\/catala\/e91b_guia.php\" target=\"_blank\" rel=\"noopener noreferrer\">Gu\u00eda de Recursos para la discapacidad<\/a><\/li>\n<li><a href=\"https:\/\/w30.bcn.cat\/APPS\/portaltramits\/portal\/channel\/default.html?&amp;stpid=19980000425&amp;style=ciudadano&amp;language=ca\" target=\"_blank\" rel=\"noopener noreferrer\">Programa de ayudas de atenci\u00f3n social para personas con discapacidad<\/a><\/li>\n<li><a href=\"http:\/\/guiadis.discapnet.es\/\" target=\"_blank\" rel=\"noopener noreferrer\">Gu\u00eda de ayudas a la discapacidad<\/a><\/li>\n<\/ul>\n<\/div><div class=\"fusion-clearfix\"><\/div><\/div><\/div><\/div><\/div><\/p>\n","protected":false},"excerpt":{"rendered":"","protected":false},"author":1,"featured_media":1986,"parent":2719,"menu_order":0,"comment_status":"closed","ping_status":"closed","template":"","meta":{"footnotes":""},"class_list":["post-2735","page","type-page","status-publish","has-post-thumbnail","hentry"],"_links":{"self":[{"href":"https:\/\/firagran.com\/es\/wp-json\/wp\/v2\/pages\/2735","targetHints":{"allow":["GET"]}}],"collection":[{"href":"https:\/\/firagran.com\/es\/wp-json\/wp\/v2\/pages"}],"about":[{"href":"https:\/\/firagran.com\/es\/wp-json\/wp\/v2\/types\/page"}],"author":[{"embeddable":true,"href":"https:\/\/firagran.com\/es\/wp-json\/wp\/v2\/users\/1"}],"replies":[{"embeddable":true,"href":"https:\/\/firagran.com\/es\/wp-json\/wp\/v2\/comments?post=2735"}],"version-history":[{"count":2,"href":"https:\/\/firagran.com\/es\/wp-json\/wp\/v2\/pages\/2735\/revisions"}],"predecessor-version":[{"id":2737,"href":"https:\/\/firagran.com\/es\/wp-json\/wp\/v2\/pages\/2735\/revisions\/2737"}],"up":[{"embeddable":true,"href":"https:\/\/firagran.com\/es\/wp-json\/wp\/v2\/pages\/2719"}],"wp:featuredmedia":[{"embeddable":true,"href":"https:\/\/firagran.com\/es\/wp-json\/wp\/v2\/media\/1986"}],"wp:attachment":[{"href":"https:\/\/firagran.com\/es\/wp-json\/wp\/v2\/media?parent=2735"}],"curies":[{"name":"wp","href":"https:\/\/api.w.org\/{rel}","templated":true}]}}

Ayudas técnicas

<p><div class="fusion-fullwidth fullwidth-box fusion-builder-row-1 nonhundred-percent-fullwidth non-hundred-percent-height-scrolling" style="--awb-border-radius-top-left:0px;--awb-border-radius-top-right:0px;--awb-border-radius-bottom-right:0px;--awb-border-radius-bottom-left:0px;--awb-flex-wrap:wrap;" ><div class="fusion-builder-row fusion-row"><div class="fusion-layout-column fusion_builder_column fusion-builder-column-0 fusion_builder_column_1_1 1_1 fusion-one-full fusion-column-first fusion-column-last" style="--awb-bg-size:cover;"><div class="fusion-column-wrapper fusion-flex-column-wrapper-legacy"><div class="fusion-text fusion-text-1"><p>Las <strong>ayudas técnicas</strong> incluyen aquellos productos y tecnologías que representan una ayuda en las personas mayores con alguna limitación física.</p>
<p><strong>Las ayudas técnicas de uso más general son:</strong></p>
</div><div class="fusion-clearfix"></div></div></div></div></div><div class="fusion-fullwidth fullwidth-box fusion-builder-row-2 nonhundred-percent-fullwidth non-hundred-percent-height-scrolling titulos_interiores" style="--awb-border-radius-top-left:0px;--awb-border-radius-top-right:0px;--awb-border-radius-bottom-right:0px;--awb-border-radius-bottom-left:0px;--awb-flex-wrap:wrap;" ><div class="fusion-builder-row fusion-row"><div class="fusion-layout-column fusion_builder_column fusion-builder-column-1 fusion_builder_column_1_1 1_1 fusion-one-full fusion-column-first fusion-column-last" style="--awb-bg-size:cover;"><div class="fusion-column-wrapper fusion-flex-column-wrapper-legacy"><div class="fusion-text fusion-text-2"><h4><strong>Ayudas técnicas que facilitan la movilidad</strong></h4>
</div><div class="fusion-clearfix"></div></div></div></div></div><div class="fusion-fullwidth fullwidth-box fusion-builder-row-3 nonhundred-percent-fullwidth non-hundred-percent-height-scrolling" style="--awb-border-radius-top-left:0px;--awb-border-radius-top-right:0px;--awb-border-radius-bottom-right:0px;--awb-border-radius-bottom-left:0px;--awb-flex-wrap:wrap;" ><div class="fusion-builder-row fusion-row"><div class="fusion-layout-column fusion_builder_column fusion-builder-column-2 fusion_builder_column_1_2 1_2 fusion-one-half fusion-column-first" style="--awb-bg-size:cover;width:50%;width:calc(50% - ( ( 4% ) * 0.5 ) );margin-right: 4%;"><div class="fusion-column-wrapper fusion-flex-column-wrapper-legacy"><div class="fusion-image-element in-legacy-container" style="--awb-caption-title-font-family:var(--h2_typography-font-family);--awb-caption-title-font-weight:var(--h2_typography-font-weight);--awb-caption-title-font-style:var(--h2_typography-font-style);--awb-caption-title-size:var(--h2_typography-font-size);--awb-caption-title-transform:var(--h2_typography-text-transform);--awb-caption-title-line-height:var(--h2_typography-line-height);--awb-caption-title-letter-spacing:var(--h2_typography-letter-spacing);"><span class=" fusion-imageframe imageframe-none imageframe-1 hover-type-none"><img decoding="async" width="300" height="200" title="calzado" src="https://firagran.com/wp-content/uploads/calzado-300x200.jpg" alt class="img-responsive wp-image-1985" srcset="https://firagran.com/wp-content/uploads/calzado-200x133.jpg 200w, https://firagran.com/wp-content/uploads/calzado-400x267.jpg 400w, https://firagran.com/wp-content/uploads/calzado-600x400.jpg 600w, https://firagran.com/wp-content/uploads/calzado.jpg 696w" sizes="(max-width: 1080px) 100vw, 600px" /></span></div><div class="fusion-text fusion-text-3"><h5><strong>Calzado adecuado</strong></h5>
<p>Con la edad los pies se vuelven mucho más sensibles debido a la reducción de la capa grasa que cubre la planta. Por este motivo muchos especialistas recomiendan la utilización de calzados con una suela gruesa y flexible y con un sistema de cierre adaptado a las capacidades físicas de cada persona.</p>
</div><div class="fusion-clearfix"></div></div></div><div class="fusion-layout-column fusion_builder_column fusion-builder-column-3 fusion_builder_column_1_2 1_2 fusion-one-half fusion-column-last" style="--awb-bg-size:cover;width:50%;width:calc(50% - ( ( 4% ) * 0.5 ) );"><div class="fusion-column-wrapper fusion-flex-column-wrapper-legacy"><div class="fusion-image-element in-legacy-container" style="--awb-caption-title-font-family:var(--h2_typography-font-family);--awb-caption-title-font-weight:var(--h2_typography-font-weight);--awb-caption-title-font-style:var(--h2_typography-font-style);--awb-caption-title-size:var(--h2_typography-font-size);--awb-caption-title-transform:var(--h2_typography-text-transform);--awb-caption-title-line-height:var(--h2_typography-line-height);--awb-caption-title-letter-spacing:var(--h2_typography-letter-spacing);"><span class=" fusion-imageframe imageframe-none imageframe-2 hover-type-none"><img decoding="async" width="300" height="200" title="cadira_rodas" src="https://firagran.com/wp-content/uploads/cadira_rodas-300x200.jpg" alt class="img-responsive wp-image-1984" srcset="https://firagran.com/wp-content/uploads/cadira_rodas-200x133.jpg 200w, https://firagran.com/wp-content/uploads/cadira_rodas-400x267.jpg 400w, https://firagran.com/wp-content/uploads/cadira_rodas-600x400.jpg 600w, https://firagran.com/wp-content/uploads/cadira_rodas.jpg 696w" sizes="(max-width: 1080px) 100vw, 600px" /></span></div><div class="fusion-text fusion-text-4"><h5><strong>Sillas de ruedas</strong></h5>
<p>Cuando las distancias a recorrer son muy largas o las piernas no dan más de sí, la silla de ruedas representa un extra de libertad para el paciente y para la familia. Podemos encontrar una gran variedad de sillas de ruedas y una amplia gama de precios según las necesidades.</p>
</div><div class="fusion-clearfix"></div></div></div></div></div><div class="fusion-fullwidth fullwidth-box fusion-builder-row-4 nonhundred-percent-fullwidth non-hundred-percent-height-scrolling titulos_interiores" style="--awb-border-radius-top-left:0px;--awb-border-radius-top-right:0px;--awb-border-radius-bottom-right:0px;--awb-border-radius-bottom-left:0px;--awb-flex-wrap:wrap;" ><div class="fusion-builder-row fusion-row"><div class="fusion-layout-column fusion_builder_column fusion-builder-column-4 fusion_builder_column_1_1 1_1 fusion-one-full fusion-column-first fusion-column-last" style="--awb-bg-size:cover;"><div class="fusion-column-wrapper fusion-flex-column-wrapper-legacy"><div class="fusion-text fusion-text-5"><h4><strong>Ayudas técnicas que facilitan el proceso de higiene y de vestimenta</strong></h4>
</div><div class="fusion-clearfix"></div></div></div></div></div><div class="fusion-fullwidth fullwidth-box fusion-builder-row-5 nonhundred-percent-fullwidth non-hundred-percent-height-scrolling" style="--awb-border-radius-top-left:0px;--awb-border-radius-top-right:0px;--awb-border-radius-bottom-right:0px;--awb-border-radius-bottom-left:0px;--awb-flex-wrap:wrap;" ><div class="fusion-builder-row fusion-row"><div class="fusion-layout-column fusion_builder_column fusion-builder-column-5 fusion_builder_column_1_2 1_2 fusion-one-half fusion-column-first" style="--awb-bg-size:cover;width:50%;width:calc(50% - ( ( 4% ) * 0.5 ) );margin-right: 4%;"><div class="fusion-column-wrapper fusion-flex-column-wrapper-legacy"><div class="fusion-image-element in-legacy-container" style="--awb-caption-title-font-family:var(--h2_typography-font-family);--awb-caption-title-font-weight:var(--h2_typography-font-weight);--awb-caption-title-font-style:var(--h2_typography-font-style);--awb-caption-title-size:var(--h2_typography-font-size);--awb-caption-title-transform:var(--h2_typography-text-transform);--awb-caption-title-line-height:var(--h2_typography-line-height);--awb-caption-title-letter-spacing:var(--h2_typography-letter-spacing);"><span class=" fusion-imageframe imageframe-none imageframe-3 hover-type-none"><img decoding="async" width="300" height="300" title="cadira_bany" src="https://firagran.com/wp-content/uploads/cadira_bany-300x300.jpg" alt class="img-responsive wp-image-1983" srcset="https://firagran.com/wp-content/uploads/cadira_bany-200x200.jpg 200w, https://firagran.com/wp-content/uploads/cadira_bany.jpg 400w" sizes="(max-width: 1080px) 100vw, 300px" /></span></div><div class="fusion-text fusion-text-6"><h5><strong>Silla de baño y de ducha</strong></h5>
<p>Es un elemento muy útil para aquellas personas que no se pueden mover o sufren alguna dependencia parcial ya que permite que puedan ducharse cómodamente mientras están sentados.</p>
</div><div class="fusion-clearfix"></div></div></div><div class="fusion-layout-column fusion_builder_column fusion-builder-column-6 fusion_builder_column_1_2 1_2 fusion-one-half fusion-column-last" style="--awb-bg-size:cover;width:50%;width:calc(50% - ( ( 4% ) * 0.5 ) );"><div class="fusion-column-wrapper fusion-flex-column-wrapper-legacy"><div class="fusion-image-element in-legacy-container" style="--awb-caption-title-font-family:var(--h2_typography-font-family);--awb-caption-title-font-weight:var(--h2_typography-font-weight);--awb-caption-title-font-style:var(--h2_typography-font-style);--awb-caption-title-size:var(--h2_typography-font-size);--awb-caption-title-transform:var(--h2_typography-text-transform);--awb-caption-title-line-height:var(--h2_typography-line-height);--awb-caption-title-letter-spacing:var(--h2_typography-letter-spacing);"><span class=" fusion-imageframe imageframe-none imageframe-4 hover-type-none"><img decoding="async" width="300" height="200" title="vestit" src="https://firagran.com/wp-content/uploads/vestit-300x200.jpg" alt class="img-responsive wp-image-1990" srcset="https://firagran.com/wp-content/uploads/vestit-200x133.jpg 200w, https://firagran.com/wp-content/uploads/vestit-400x267.jpg 400w, https://firagran.com/wp-content/uploads/vestit-600x400.jpg 600w, https://firagran.com/wp-content/uploads/vestit.jpg 696w" sizes="(max-width: 1080px) 100vw, 600px" /></span></div><div class="fusion-text fusion-text-7"><h5><strong>Vestidos</strong></h5>
<p>Para mayor comodidad de las personas mayores dependientes y de quienes las cuidan, se recomienda elegir prendas de ropa con aperturas grandes puesto que son más fáciles de llevar y también de poner.</p>
</div><div class="fusion-clearfix"></div></div></div></div></div><div class="fusion-fullwidth fullwidth-box fusion-builder-row-6 nonhundred-percent-fullwidth non-hundred-percent-height-scrolling caja_enlaces" style="--awb-border-radius-top-left:0px;--awb-border-radius-top-right:0px;--awb-border-radius-bottom-right:0px;--awb-border-radius-bottom-left:0px;--awb-flex-wrap:wrap;" ><div class="fusion-builder-row fusion-row"><div class="fusion-layout-column fusion_builder_column fusion-builder-column-7 fusion_builder_column_1_1 1_1 fusion-one-full fusion-column-first fusion-column-last" style="--awb-bg-size:cover;"><div class="fusion-column-wrapper fusion-flex-column-wrapper-legacy"><div class="fusion-text fusion-text-8"><h5>Enlaces con información sobre ayudas para diferentes discapacitados, servicios y prestaciones:</h5>
</div><div class="fusion-sep-clear"></div><div class="fusion-separator fusion-clearfix" style="float:left;width:100%;max-width:20px;"></div><div class="fusion-sep-clear"></div><div class="fusion-text fusion-text-9"><ul class="td-arrow-list">
<li><a href="http://treballiaferssocials.gencat.cat/ca/ambits_tematics/persones_amb_discapacitat/" target="_blank" rel="noopener noreferrer">Personas con discapacidad</a></li>
<li><a href="http://treballiaferssocials.gencat.cat/ca/ambits_tematics/persones_amb_discapacitat/accessibilitat_intern/accessibilitat_i_autonomia/ajuts_subvencions/" target="_blank" rel="noopener noreferrer">Ayudas y subvenciones</a></li>
<li><a href="http://www.ecom.cat/catala/e91b_guia.php" target="_blank" rel="noopener noreferrer">Guía de Recursos para la discapacidad</a></li>
<li><a href="https://w30.bcn.cat/APPS/portaltramits/portal/channel/default.html?&amp;stpid=19980000425&amp;style=ciudadano&amp;language=ca" target="_blank" rel="noopener noreferrer">Programa de ayudas de atención social para personas con discapacidad</a></li>
<li><a href="http://guiadis.discapnet.es/" target="_blank" rel="noopener noreferrer">Guía de ayudas a la discapacidad</a></li>
</ul>
</div><div class="fusion-clearfix"></div></div></div></div></div></p>
